6823427 prime?
False
Is 65264957 a composite number?
False
Is 23665703 composite?
True
Is 8032247 a composite number?
False
Is 97691663 composite?
False
Is 2122853 a composite number?
False
Is 12991081 composite?
True
Is 1829281 composite?
False
Is 4932947 composite?
False
Is 2595289 prime?
False
Is 5893669 a prime number?
False
Is 141166307 a composite number?
True
Is 962705137 composite?
True
Is 13843019 prime?
False
Is 128497571 a prime number?
False
Is 76915193 composite?
True
Is 320481499 prime?
False
Is 28963409 a composite number?
False
Is 28327259 a composite number?
False
Is 11322551 composite?
False
Is 26981441 a prime number?
False
Is 171725369 composite?
False
Is 975903 prime?
False
Is 79849309 prime?
True
Is 137759351 composite?
True
Is 60997283 a composite number?
False
Is 4322003 a composite number?
True
Is 306197 prime?
False
Is 33336899 prime?
False
Is 28248203 a composite number?
True
Is 33087419 prime?
True
Is 100421891 a composite number?
False
Is 12076411 a prime number?
True
Is 58938479 composite?
False
Is 6786005 composite?
True
Is 136511 prime?
True
Is 13412891 prime?
True
Is 65367779 a composite number?
False
Is 105255229 a prime number?
True
Is 1616137 composite?
True
Is 331982438 a composite number?
True
Is 395069 a composite number?
False
Is 10509089 a composite number?
True
Is 6764543 a prime number?
False
Is 1061222749 prime?
True
Is 1355227 a composite number?
True
Is 202425437 composite?
False
Is 1922527 composite?
True
Is 31846043 composite?
False
Is 1616183 a prime number?
True
Is 1361273 prime?
True
Is 20376527 a composite number?
False
Is 2185181 a composite number?
False
Is 1091969 prime?
False
Is 131754631 a composite number?
False
Is 143652647 prime?
True
Is 486309341 prime?
False
Is 4854617 a composite number?
False
Is 369133567 composite?
True
Is 8838223 composite?
True
Is 14644619 prime?
False
Is 1359467 a prime number?
True
Is 7144117 prime?
False
Is 3538079 a composite number?
True
Is 3955669 prime?
False
Is 39373157 composite?
False
Is 145594 prime?
False
Is 471697 a composite number?
False
Is 3919109 composite?
False
Is 1333963 composite?
False
Is 581205883 a prime number?
False
Is 3246689 prime?
True
Is 22706429 a composite number?
False
Is 111079777 a prime number?
True
Is 27446353 prime?
False
Is 49367377 composite?
True
Is 77995193 a prime number?
True
Is 14300921 composite?
False
Is 127741717 a prime number?
False
Is 170064533 a prime number?
True
Is 661043737 prime?
False
Is 4149227 a prime number?
True
Is 164973803 prime?
False
Is 431337 a prime number?
False
Is 11319951 a composite number?
True
Is 234462691 a prime number?
False
Is 1408013063 composite?
False
Is 1637963 a composite number?
False
Is 50526113 a prime number?
False
Is 57252803 prime?
False
Is 143693 prime?
False
Is 10018205 a prime number?
False
Is 28230893 a prime number?
False
Is 3656191763 prime?
False
Is 3178667 a prime number?
True
Is 48649 composite?
False
Is 42381401 a composite number?
False
Is 117770437 a prime number?
True
Is 49129087 a composite number?
True
Is 4079263 prime?
False
Is 64174919 a prime number?
True
Is 84114923 prime?
False
Is 125287 a composite number?
False
Is 116074199 a composite number?
True
Is 966613 composite?
False
Is 1860377 prime?
True
Is 177464501 composite?
False
Is 3274835 a composite number?
True
Is 7953821 a prime number?
True
Is 16580791 prime?
True
Is 7787329 prime?
False
Is 66827531 composite?
False
Is 238501573 a prime number?
True
Is 42064849 composite?
True
Is 1215017 a prime number?
True
Is 18758357 prime?
False
Is 390150479 prime?
True
Is 9277913 a composite number?
False
Is 38495239 a prime number?
True
Is 157141261 prime?
False
Is 226303499 a composite number?
False
Is 82512431 composite?
True
Is 2179682 a composite number?
True
Is 12421165 a prime number?
False
Is 379261 composite?
True
Is 3087281 prime?
True
Is 314693 a composite number?
False
Is 3138391 prime?
True
Is 13246757 a prime number?
False
Is 103595539 a composite number?
False
Is 7497557 a composite number?
False
Is 81800767 a composite number?
True
Is 14266337 prime?
True
Is 6169499 a composite number?
True
Is 396935293 composite?
False
Is 325099451 a prime number?
True
Is 26723107 prime?
True
Is 12563539 a composite number?
False
Is 28370887 composite?
False
Is 678462277 a prime number?
False
Is 70048493 a composite number?
False
Is 24438241 prime?
False
Is 5531971 composite?
True
Is 1245247 a composite number?
True
Is 23443847 a prime number?
False
Is 26714791 prime?
True
Is 4496963 composite?
False
Is 606829 prime?
True
Is 118845553 a composite number?
False
Is 262679933 prime?
True
Is 17311429 prime?
True
Is 797523 prime?
False
Is 36142537 composite?
False
Is 4340177 a prime number?
False
Is 11274734 composite?
True
Is 266221 a composite number?
False
Is 264678581 a prime number?
True
Is 26990297 prime?
True
Is 282945269 a composite number?
False
Is 9163489 prime?
False
Is 71138723 prime?
True
Is 10287773 a composite number?
False
Is 1869617 composite?
False
Is 14382547 a composite number?
False
Is 4575773 composite?
False
Is 2594627 prime?
False
Is 2222917 a prime number?
False
Is 53299109 a composite number?
False
Is 44655937 a prime number?
True
Is 11176637 a composite number?
False
Is 5828379 a prime number?
False
Is 4510693 composite?
True
Is 14472581 a composite number?
False
Is 1662113 a composite number?
True
Is 7255921 a prime number?
False
Is 44614621 prime?
False
Is 62932501 prime?
False
Is 3830263 prime?
True
Is 189729941 a composite number?
False
Is 54288881 a composite number?
False
Is 186441929 a prime number?
True
Is 25463227 a composite number?
True
Is 16617011 composite?
False
Is 6723653 a prime number?
False
Is 2890201 prime?
False
Is 160615913 prime?
False
Is 55920251 a composite number?
False
Is 15323311 prime?
True
Is 380152757 prime?
True
Is 14361791 prime?
True
Is 19750799 prime?
False
Is 3601739 a composite number?
True
Is 19205677 a composite number?
False
Is 143904691 prime?
False
Is 143790077 a composite number?
False
Is 1425512927 prime?
True
Is 102241913 a composite number?
True
Is 272356129 prime?
True
Is 42803611 a composite number?
False
Is 67452563 composite?
False
Is 189148879 composite?
False
Is 631988927 a composite number?
False
Is 18295231 composite?
True
Is 20495667 composite?
True
Is 194067467 a composite number?
True
Is 53260129 a prime number?
False
Is 41167351 a prime number?
True
Is 2125097 composite?
True
Is 41343563 a composite number?
True
Is 5748949 composite?
True
Is 46547499 composite?
True
Is 6156509 prime?
True
Is 191635733 composite?
True
Is 4075574 composite?
True
Is 359439 a prime number?
False
Is 4180541 a composite number?
False
Is 14224943 a prime number?
True
Is 12968899 composite?
False
Is 3040217 prime?
True
Is 11978389 prime?
True
Is 113137873 prime?
False
Is 10283633 a composite number?
False
Is 8094086309 prime?
True
Is 9472909 a prime number?
False
Is 15763807 prime?
True
Is 6321119 prime?
False
Is 162230333 a prime number?
True
Is 4095577 a composite number?
False
Is 12532109 a prime number?
False
Is 458706581 a prime number?
True
Is 1537502 a prime number?
False
Is 11287415 prime?
False
Is 2962891 a prime number?
True
Is 129291229 prime?
True
Is 1749323 composite?
True
Is 1227769 composite?
False
Is 28418937 a prime number?
False
Is 9872233 prime?
False
Is 27855853 a prime number?
False
Is 10107863 prime?
False
Is 615637 a prime number?
False
Is 652063 prime?
True
Is 292990187 prime?
False
Is 10857433 a prime number?
True
Is 255930307 a composite number?
True
Is 5389 a prime number?
False
Is 58804549 a composite number?
True
Is 199285393 prime?
True
Is 23854433 a prime number?
True
Is 84424019 a composite number?
False
Is 39337994 a composite number?
True
Is 247237 a prime number?
False
Is 254473 a composite number?
True
Is 210652381 prime?
True
Is 10817647 a prime number?
False
Is 30670513 a prime number?
False
Is 94993 a prime number?
True
Is 23244374 composite?
True
Is 1958433 a composite number?
True
Is 435306953 composite?
False
Is 193052042 prime?
False
Is 5368831 a composite number?
True
Is 195820801 a prime number?
False
Is 13633817 prime?
True
Is 14059174 prime?
False
Is 336010819 a composite number?
True
Is 93352771 a composite